tors of x.
13, 53
What are the prime factors of (76420/60)/(1/6)?
2, 3821
What are the prime factors of 1285984/72 + 8/72?
53, 337
Let s be 17*(-2)/(-4)*2. Suppose 16 = -4*g, -4*t - 3 = 2*g + s. Let b = 24 - t. List the prime factors of b.
3
Let g be (-57)/(-51) - 4/34. Let z = -8 - g. Let w(q) = -q**3 - 9*q**2 - 13*q + 3. What are the prime factors of w(z)?
2, 3, 5
Let n = -33 + 35. List the prime factors of (n/(1 + 1))/((-11)/(-5445)).
3, 5, 11
Suppose 9*v - 9 = 6*v, 0 = 2*y + 4*v - 218. Let c = y - 10. List the prime factors of c.
3, 31
Let x(i) = -9*i + 1188. What are the prime factors of x(41)?
3, 7, 13
Let v(d) = 12*d**2 + 10*d - 55. Let y be (6/10)/(-2*(-4)/80). List the prime factors of v(y).
19, 23
Let y(n) = 6*n + 5 - 17*n**2 - 4 + 19*n**2 + 4. Let t be y(-3). Let z = 8 + t. List the prime factors of z.
13
Let k(q) be the second derivative of 17*q**3/6 + 56*q**2 - 18*q. List the prime factors of k(25).
3, 179
Suppose -7*j - 12*j + 22990 = 0. Suppose -n + j = 473. List the prime factors of n.
11, 67
Let i be (76 + 8)*(-5)/((-15)/2). Suppose 0 = -4*o + 780 + i. Suppose w - 3*x = o, 4*w + 5*x - 1195 + 427 = 0. List the prime factors of w.
197
Suppose -o + 2*g - 4017 = 0, -o - 3*g - 20072 = 4*o. What are the prime factors of o/(-45) + 2/(-9)?
89
Suppose 6*n = 11*n - t - 206659, 3*n - 7*t - 123989 = 0. What are the prime factors of n?
2, 10333
Let d be ((-324)/(-30))/(4/40). Let u be 456/d + (-4)/18. Suppose -u*y + 3*s = -708, -99 - 85 = -y - s. What are the prime factors of y?
2, 3, 5
Suppose -3*x = 2*o - 55149, -18366 = -x + 1100*o - 1095*o. What are the prime factors of x?
3, 11, 557
Let n(z) = -2*z**2 + 66*z - 74. Let s = -94 - -124. What are the prime factors of n(s)?
2, 53
Let i(a) = -a**3 + 5*a**2 - 8*a + 8. Let f be i(3). Suppose 3*x = -4*r + 2112, 2*r + f*x - 1056 = x. What are the prime factors of r?
2, 3, 11
Let i(l) = -l**2 - 16*l + 20. Let r be i(-17). Suppose -v = -1, r*c = -v + 95 + 527. List the prime factors of c.
3, 23
Let n(m) = -7537*m**3 + 3*m**2 + 4*m. List the prime factors of n(-1).
2, 3, 157
What are the prime factors of ((-11572)/(-526))/((-4)/(-11282))?
11, 5641
Suppose 4*n - 36196 = -3*j, 4*j - 3*j + 45245 = 5*n. List the prime factors of n.
9049
Let n(c) = 114*c - 273. Let p(q) = 113*q - 274. Let u(x) = 3*n(x) - 2*p(x). What are the prime factors of u(5)?
3, 103
Let b be 0/(9/(-3) + 1). Suppose 18 = 6*x - b*x. What are the prime factors of x/(-4) + (-993)/(-12)?
2, 41
Let l(p) = 24*p**2 + 3*p + 21. Let q be l(-3). Suppose -19*u = -13*u - q. List the prime factors of u.
2, 19
Let l = 326 + -340. Let w(f) = -3*f + 3*f + 13 - 4*f + 14*f**2 + f**3. What are the prime factors of w(l)?
3, 23
Suppose -d = 4*q - 12, -10*d + 7*d = -q - 10. Let f(s) = 2*s**2 + 15*s - 16. Let j be f(-13). Suppose -q*v = j - 419. List the prime factors of v.
2, 73
Suppose -10*j + 6237 = -2003. Suppose 0 = 5*s + 2*y - 1595, 5*s = 3*y + 771 + j. List the prime factors of s.
11, 29
List the prime factors of 23 + -7 - 10 - -26244.
2, 3, 5, 7
Suppose 4*j = 2*g + 56, -4*j + 5*g + 60 = 2*g. Let i be ((45/6)/(-3))/(75/30). List the prime factors of ((-37)/(-4) - i)/(3/j).
41
Suppose -3*p = 4*g - 13067 - 19555, 2*p = -g + 21748. List the prime factors of p.
2, 5437
Let h(o) = -o**2 + o. Let x(q) = 5*q**2 - 3*q + 320. Let d(b) = 6*h(b) + x(b). What are the prime factors of d(0)?
2, 5
Let s = 67454 + -38601. What are the prime factors of s?
11, 43, 61
Let x = -6907 + 15132. List the prime factors of x.
5, 7, 47
Let r = 42263 + -12332. What are the prime factors of r?
3, 11, 907
Let s = -251 + 247. Let y(m) = -104*m + 12. What are the prime factors of y(s)?
2, 107
Suppose 53*d - 55*d + 520 = 0. Suppose 0*k - d = -u - k, -528 = -2*u + 2*k. What are the prime factors of u?
2, 131
Suppose -204*v - 14*v - 45554 = -204040. List the prime factors of v.
727
What are the prime factors of 6*3/(-6) + 10 + 2248?
5, 11, 41
Let r be (-6480)/(-42) + (-8)/28. Suppose -u + 113 + r = 0. List the prime factors of u.
3, 89
Let a(g) = -g**3 + g**2 - 2*g + 2. Let k be a(-3). Let f = k + -39. Suppose f*x = 5*d + 70, -3*d + 7 = -2*x + 35. List the prime factors of x.
2, 7
List the prime factors of (1/3)/(36/(3339020 - -16)).
43, 719
Let g be 2/3 + 3 + (-25)/15. Suppose g*h = 4*w - 12, h - 10 = 4*h + 2*w. List the prime factors of (3 - 0/h - 3) + 162.
2, 3
Suppose 7*o = 10*o - 39. Suppose 2*s - 73 = -2*j - o, 5*j - 124 = -4*s. Suppose 6*y - 436 - s = 0. List the prime factors of y.
7, 11
Suppose 0 = -5*n + 31347 + 7858 + 51105. What are the prime factors of n?
2, 11, 821
Suppose o + 29 = 33. What are the prime factors of (-21)/84 + 477/o?
7, 17
Let x = -79 - -71. Let s be 2/(-8) - 34/x. Suppose -s*d - 219 = -739. What are the prime factors of d?
2, 5, 13
Let l(h) = 25*h**2 + 67 + 2*h - 6*h + h**3 + 0*h**3 - 8*h + h**3. List the prime factors of l(-13).
2, 3
Let c = 16 + -11. Suppose 2*v - 642 = 3*j, v = -c*j + 147 + 187. What are the prime factors of v?
2, 3
Let s(f) = f**3 - 16*f**2 - 25*f + 72. Let v be s(18). Suppose v = 105*i - 103*i. List the prime factors of i.
3, 5
Let n(q) = -184*q**2 - q - 4. Let h(b) = 185*b**2 + b + 5. Let y(x) = -2*h(x) - 3*n(x). List the prime factors of y(-1).
3, 61
Suppose -4*l - o = -37752, -37752 = 845*l - 849*l - 4*o. What are the prime factors of l?
2, 3, 11, 13
Let k be 104/143*(-44)/(-8). Suppose -3*i + 1517 + 2261 = -k*g, 5*i = 5*g + 6300. What are the prime factors of i?
2, 631
Let c(l) = -l**3 + 5*l**2 + 4*l - 23. Let t be c(5). List the prime factors of t + 132 + (-5 - 1).
3, 41
Suppose 0 = -9*l - 36*l + 225. Suppose -4*x + l*x + z = 1852, -3*z - 5568 = -3*x. List the prime factors of x.
2, 3, 103
What are the prime factors of ((-891963)/(-278))/(1/2)?
3, 23, 31
Suppose 15*t - 18*t + 504 = 0. Suppose -2*p + t = -216. Suppose -3*c + 3*i = -p, 2*c - c - 40 = -5*i. List the prime factors of c.
2, 3, 5
Let q = -359 + 353. What are the prime factors of -12*207/q - -1?
5, 83
Let q = -1056 + 14625. Suppose q = 27*u - 31089. List the prime factors of u.
2, 827
Let o(w) = -2*w**3 - 13*w**2 + 7*w + 3. Let v be o(-7). Let u(f) = -37. Let z(d) = d - 36. Let l(i) = v*z(i) - 2*u(i). List the prime factors of l(25).
41
Let n be (-3)/(-21) + (-358560)/(-56). Suppose -29*v = -n - 3573. What are the prime factors of v?
2, 43
Let s be (-81)/(-6) + (-6)/12. Suppose -18*f = -s*f + 495. Let o = -42 - f. What are the prime factors of o?
3, 19
Suppose 12*u - 17899 - 61361 = 0. What are the prime factors of u?
5, 1321
Let s(g) = 63*g**3 + 2*g**2 + 16*g + 4. Let c(j) = 42*j**3 + j**2 + 11*j + 3. Let z(h) = 7*c(h) - 5*s(h). List the prime factors of z(-3).
2, 5, 11
Let t = -19 + -12. Let s = t - -33. What are the prime factors of ((-18)/9 - 0)*(-149)/s?
149
Let r(u) = -u**2 - 19*u + 30. Let l be r(-20). Suppose 231 + 1689 = l*k. List the prime factors of k.
2, 3
Suppose -3*h = 563 + 121. Let m = -542 - h. List the prime factors of (m/4)/((-1)/2).
157
Let z = 348 + 132. Let m = z - 223. What are the prime factors of m?
257
Let u = -18863 + 29356. List the prime factors of 25/(-15) + u/21.
2, 3, 83
Suppose -161637 = 75*t - 82*t. List the prime factors of t.
3, 43, 179
Let k(i) = -4*i**2 - 28*i - 5. Let m(a) = 12*a**2 + 85*a + 13. Let z(y) = 8*k(y) + 3*m(y). List the prime factors of z(10).
709
Let q be 1 + 204/(-4) + 0. Let m be 1/2 - q/20. Suppose -5*p - 535 = -3*t, 84 + 785 = 5*t + m*p. List the prime factors of t.
5, 7
Suppose -4*f + 8*l = -141340, l = -4*f - 0*l + 141412. What are the prime factors of f?
23, 29, 53
Suppose -6*y - 2*y + 56 = 0. Let d(i) = -7 - 10*i + y + 2. What are the prime factors of d(-9)?
2, 23
Suppose -1179552 = -1367*p - 1373*p + 2716*p. List the prime factors of p.
2, 11, 1117
Let f = 2253 + 803. Suppose 4*i + 7*h - 4104 = 5*h, -4*h - f = -3*i. What are the prime factors of i?
2
Suppose -130074 = -57*f + 15*f. Suppose 6*a - 12625 + f = 0. List the prime factors of a.
2, 397
Let g = -348 - -241. Let k = g - -335. List the prime factors of k.
2, 3, 19
Suppose 2*k = 4*k + 8, 5*a - 1801 = -k. Suppose 123 = -7*y + a. List the prime factors of y.
2, 17
Let b(j) = 134*j + 274. What are the prime factors of b(65)?
2, 1123
Let k = 2205 - 781. Let a = -285 + k. What are the prime factors of a?
17, 67
Let t(x) = -559*x + 3330. List the pri